f p**4/12 - 7*p**3/6 + p**2/2 - p. Let l(a) = 6*a**2 + 26*a - 12. Let y be l(-5). List the prime factors of o(y).
3
Suppose -4*u = 37*x - 41*x + 2332, 5*x - u - 2915 = 0. What are the prime factors of x?
11, 53
What are the prime factors of (1713/(-2))/((-6)/4)?
571
List the prime factors of (-1227)/((-13)/(-2) - 8).
2, 409
Let n = 1064 + -573. What are the prime factors of n?
491
Let m(p) = 46*p**3 - 34*p + 74. What are the prime factors of m(2)?
2, 11, 17
Let g(m) = 3*m**2 - m. Let x be g(1). Suppose x*y + 2*y = 276. List the prime factors of y.
3, 23
List the prime factors of (-9 - -1) + -15 + (-84528)/(-16).
2, 5, 263
Let i = 132 + -32. Suppose 14*r - i = 10*r. What are the prime factors of r?
5
Let v = -66 - -69. Suppose 0 = -i - 3*l + 139, v*i + 2*l + l = 435. What are the prime factors of i?
2, 37
Let f(w) = -7*w**3 + 17*w**2 - 8*w - 7. Suppose 0 = -v - 0 + 1. Let b(a) = a**3 - a**2. Let n(z) = v*f(z) + 6*b(z). What are the prime factors of n(10)?
13
Suppose -3*p - 2 = -0*n - n, -3*n - 4*p = -6. Suppose n*w - 391 = -3*g, 0*g - 3*g + 3*w + 396 = 0. List the prime factors of g.
131
Let m(i) = -i**3 + i**2 + i. Let d(o) = -o**3 + 3*o**2 + 3*o. Let j(h) = -d(h) + 2*m(h). Let l be j(2). Let f = -1 - l. What are the prime factors of f?
13
Let i = -27 + 372. List the prime factors of i.
3, 5, 23
Let i(n) = n**2 - 4. Let h be i(-2). Suppose -6*d + 5*d + 47 = h. List the prime factors of d.
47
What are the prime factors of (0 - -2)/(-4)*-988?
2, 13, 19
Let b(d) = 55*d**2 + 2*d - 49. List the prime factors of b(6).
29, 67
Let r(f) = 176*f**2 + 4*f - 13. List the prime factors of r(2).
3, 233
Let s(q) = -q**3 + 4*q**2 + q - 2. Let i be s(4). Suppose -19 = i*z - 219. Suppose 0 = 4*j - z - 108. What are the prime factors of j?
2, 13
Let c = 1472 - 365. List the prime factors of c.
3, 41
Suppose 17*x + 1053 = 26*x. List the prime factors of x.
3, 13
Suppose 4*k = 4*m - 264 - 1128, 2*m - 668 = -5*k. List the prime factors of (m/(-20))/(6/15*-1).
43
Let m = -610 - -761. List the prime factors of m.
151
Suppose 0 = 5*o - 38 - 2. Suppose o*w = w + 1008. What are the prime factors of w?
2, 3
Let r = -34 + 37. Suppose r*z + 4*z = 469. What are the prime factors of z?
67
Suppose 5*g = 581 - 81. Suppose -5*i - 2*m + 146 = 0, 2*i = -i + 5*m + g. What are the prime factors of i?
2, 3, 5
Suppose 12 = -4*b, 7*q = 6*q - 3*b + 1481. What are the prime factors of q?
2, 5, 149
Let d(w) = 90*w - 39. Let q be d(-4). Let f = q + 652. List the prime factors of f.
11, 23
Let n(h) = 336*h**2 + 4*h - 4. List the prime factors of n(1).
2, 3, 7
Let g be 532/16 - (-2)/(-8). Suppose -237 - g = -5*x. List the prime factors of x.
2, 3
What are the prime factors of (-548998)/(-238) - 2/(-7)?
3, 769
Suppose -15*i + 66176 = 15131. List the prime factors of i.
41, 83
Let w be (-10)/(-55) + (-669)/(-11). Suppose -4*n = -283 - w. List the prime factors of n.
2, 43
Suppose y = 4*f - 16, -4*f = -0*f - 5*y. Suppose -2*a = -f*a + 12. Suppose a*k = -0*k + 28. What are the prime factors of k?
7
Let f = -100 - -238. What are the prime factors of f?
2, 3, 23
Suppose -p - 4*k + 3 = -12, 2*p - 4*k = -30. Let o = 65 - p. List the prime factors of o.
2, 5, 7
Let p = 7782 + -3873. List the prime factors of p.
3, 1303
Let m = -51 + 221. Suppose 0 = -u - u + m. List the prime factors of u.
5, 17
Suppose 0*w = c - 4*w - 178, -2*c + 356 = -5*w. Let i(f) = 3*f**2 - 8*f - 2. Let d be i(4). Suppose -3*a + d = -c. List the prime factors of a.
2
Suppose -3596 = -4*t + 168. List the prime factors of t.
941
Let h = -258 - -400. List the prime factors of h.
2, 71
Let j(g) = -5*g**2 - 3*g - 2. Let p be j(-3). Suppose 70*k + 102 = -h + 74*k, 5*k = 2*h + 192. Let a = p - h. What are the prime factors of a?
2, 3
What are the prime factors of 5 - (40/15 + -2)*-3?
7
Let b = -14 + 19. Let r(t) = -8*t - 4. Let m be r(-5). Suppose 5*p - m = -3*z, 4 = -z + b*p - 4. What are the prime factors of z?
7
Suppose 8 + 4 = 2*g. Suppose -k = -2*w + 26, k - g*k = -4*w + 100. Let v = 27 + k. List the prime factors of v.
11
Suppose -3*i + 5213 = -5*j, -15*j + 8740 = 5*i - 13*j. List the prime factors of i.
2, 3, 97
Suppose -4*d + 500 = -3*h, 113 = 2*d + 4*h - 115. Let l = 178 - d. List the prime factors of l.
2, 7
Suppose 0*r = -3*r - 5*v + 40, -4*v + 40 = 4*r. Let n = 108 + -55. Suppose 3*z = -r*c + 6*c - n, -2*z - 212 = -4*c. List the prime factors of c.
53
Let g = -2290 - -4199. List the prime factors of g.
23, 83
Suppose 4*o + 4*l - 3614 = 9*l, 3*l + 6 = 0. List the prime factors of o.
17, 53
Let k(z) = 5*z**2 + 43*z + 20. What are the prime factors of k(-22)?
2, 3, 83
Let w = 17 - 12. List the prime factors of -1 + w/2 + 237/2.
2, 3, 5
Let z(q) = 8*q**3 + 3*q**2 - 13*q + 18. What are the prime factors of z(5)?
2, 257
Let v(p) = p + 7. Let i be v(-7). Suppose -10*f + 1874 - 774 = i. What are the prime factors of f?
2, 5, 11
Let d be 1 - (-4)/(-3)*6/(-4). Suppose 189 = d*o - 75. What are the prime factors of o?
2, 11
Suppose -6*c + 1446 = 2*v - 4*c, -2*c - 726 = -v. What are the prime factors of v?
2, 181
Let x(m) = -m**3 - 67*m**2 - 8*m + 167. What are the prime factors of x(-67)?
19, 37
Suppose 4*a - 905 = -49. What are the prime factors of a?
2, 107
Let y = 3308 + -2186. List the prime factors of y.
2, 3, 11, 17
Let p(z) = -3*z + 41. Let k be p(12). Suppose 3*w - 612 = 8*q - k*q, 387 = 2*w + 5*q. What are the prime factors of w?
3, 67
Let x be (-1 - 3)*(0 - 1). Let j = 1 + x. Suppose -4*m + 65 = 2*r - j*m, r + 3*m = 36. What are the prime factors of r?
3, 11
Let c(b) = -4967*b**3 - 37*b - 38. List the prime factors of c(-1).
2, 13, 191
Let a(l) = -276*l + 6. List the prime factors of a(-2).
2, 3, 31
Let y = 15 + -4. Suppose m + 2*i - 10 = y, -3*m - 2*i + 71 = 0. List the prime factors of m.
5
Let h = -4065 - -6494. List the prime factors of h.
7, 347
What are the prime factors of (1/(-2) - -2) + (-150294)/(-148)?
3, 113
Let u be (1662/2)/((6/(-6))/(-1)). What are the prime factors of u/9 - -2*4/(-24)?
2, 23
Let m(v) = -14*v**2 - 4*v + 11. Let f(q) = 27*q**2 + 7*q - 23. Let g(t) = 6*f(t) + 11*m(t). List the prime factors of g(5).
173
Let p be (6/4)/((-2)/(-8)). Suppose r + 360 = p*r. What are the prime factors of r*(-3)/24*-6?
2, 3
Let c(m) = 13*m + 31. Let u(q) = 7*q + 16. Let h(p) = 6*c(p) - 13*u(p). What are the prime factors of h(-5)?
43
Suppose -10 = h - 6*h. Suppose 5*o + 36 = 11, 2*o + 4 = -2*f. Suppose h*d + w - 18 = f*w, 20 = 2*d - 4*w. List the prime factors of d.
2
Suppose -21*v + 3965 = -6094. List the prime factors of v.
479
Let k = -744 + 1443. List the prime factors of k.
3, 233
Let k(y) = -2*y**2 + y + 1. Let i(s) = -9*s**2 + 2*s + 291. Let d(a) = i(a) - 3*k(a). List the prime factors of d(0).
2, 3
Suppose 66*y - 426 = 60*y. What are the prime factors of y?
71
Let s(b) = 2*b - 11. Let g be s(-7). Let w = g + 38. List the prime factors of w.
13
Let d = -293 - -1252. List the prime factors of d.
7, 137
Let z(h) = h**2 - 13*h + 2. Let k be z(9). Let g = k - -54. List the prime factors of g.
2, 5
Suppose v - 37 = -2*r, 3*v = -0*r + r + 97. Suppose 0*f = 3*f + v. Let b = 6 - f. What are the prime factors of b?
17
Let p(a) = 3*a + 7. Let x be p(-5). Let f(i) = -2*i - 8. Let v be f(x). Suppose o = 44 + v. What are the prime factors of o?
2, 13
Suppose 0 = 4*h, -2*y - 6*h = -9*h - 350. What are the prime factors of y?
5, 7
Let o(l) = -l**3 + 18*l**2 + l - 16. Let d be o(18). Let v be (-8)/d + 1 + 9. Suppose -23 = -7*a + v*a. List the prime factors of a.
23
Let w = -311 + 1522. List the prime factors of w.
7, 173
Let r be 0/((-3)/((-9)/6 - 0)). Suppose r*w = -8*w + 2680. What are the prime factors of w?
5, 67
Suppose -l = 5*d + 3 + 7, 5*l + 6 = -3*d. What are the prime factors of (2 - 524/8)*d?
127
Suppose -f + 5*f - 16 = 0. Suppose f - 7 = w. What are the prime factors of ((-36)/(-4))/(w/(-9))?
3
Let i = 1369 + -717. What are the prime factors of i?
2, 163
Let g be ((-4 - -4)/1)/(-1). Suppose g = r + 3*r - 240. What are the prime factors of r?
2, 3, 5
Suppose 0 = 39*f - 22817 - 9943. List the prime factors of f.
2, 3, 5, 7
Suppose z = 2*t - 2, 7*z + t - 1 = 2*z. Let b = 754 - 735. Suppose -4*h + b + 5 = z. What are the prime factors of h?
2, 3
Let p = -43 - -42. What are the prime factors of p/((-3)/12) - -46?
2,